) = o**3 - 5*o**2 - o + 116 + 5*o**2. Let f be b(0). Let w = -83 + f. What is the remainder when w is divided by 9?
6
Let r(m) = 60*m**3 - m**2 - m + 2. Let a be r(1). Suppose 6*j = a + 114. What is the remainder when 173 is divided by j?
28
Calculate the remainder when 8*(49/112)/(2/8) is divided by 2 - (2 + 2 + -5).
2
Let l = 8 - 4. Suppose 5 = y - 2*f, f = 5*y - 2*f - 18. What is the remainder when l is divided by y?
1
Let j = -16 + 22. Suppose 0 = m - 5*s - 3, -12*s + 8*s + 132 = 4*m. Calculate the remainder when m is divided by j.
4
Let m = -14 + 8. Let f be 9/6*(-16)/m. Suppose -5*r = -19 + f, -4*x - 3*r = -237. What is the remainder when x is divided by 15?
12
Let k be 2/(-1 - (-42)/46). What is the remainder when 1*(k + 2)*-1 is divided by 3?
0
Suppose -13*k + 125 = -135. What is the remainder when k is divided by 20?
0
Let k(x) = 27*x + 4. Let v = 1455 - 1426. What is the remainder when k(3) is divided by v?
27
Suppose -4 = o - 13. Let q = -50 + 92. What is the remainder when q is divided by o?
6
Let d = -501 - -822. Calculate the remainder when d is divided by 23.
22
Suppose 100 = 15*r - 14*r. Calculate the remainder when r is divided by 54.
46
Suppose 7*w - 228 - 59 = 0. Calculate the remainder when 120 is divided by w.
38
Let k = -186 - -268. Let q = k - 47. Calculate the remainder when 209 is divided by q.
34
Let a = -504 - -518. What is the remainder when 1551 is divided by a?
11
What is the remainder when 347 is divided by (-45)/(-4) - ((-81)/12)/9?
11
Let r(h) = -h**3 - 4*h**2 + 12*h + 10. What is the remainder when r(-11) is divided by 66?
65
Let r = 8 - 4. Suppose 0*u = -5*j - 5*u, -r*j + 2*u - 6 = 0. Let i(o) = -29*o. Calculate the remainder when i(j) is divided by 8.
5
Suppose -7*u + 12 = -3*u. Suppose -3*l - 8 + 62 = 3*i, u*i = l + 50. Calculate the remainder when 47 is divided by i.
13
Let f(w) = -5*w**2 + 28*w + 7. Let j(g) = g**2 - 9*g + 5. Calculate the remainder when f(5) is divided by j(9).
2
What is the remainder when 209 is divided by ((-189)/(-6))/((-69)/(-46))?
20
What is the remainder when (-2)/(-22) + (-3222)/(-11) is divided by 21?
20
Suppose -2*s = -12 + 8. What is the remainder when 3 is divided by s/(-8)*(-6 + 4)*2?
0
Let d(w) = -w + 5. Let u(f) = -f + 6. Let k(r) = -4*d(r) + 5*u(r). What is the remainder when k(-5) is divided by 11?
4
Suppose 4*d + 117 = -3*y + 1230, 5*y = -5*d + 1390. Calculate the remainder when d is divided by 94.
91
Let c(t) = 5*t**2 + 20*t - 164. What is the remainder when c(6) is divided by 73?
63
Suppose -5*n = -0*n + 2*o - 28, 5*o - 7 = -2*n. Let m(t) = 1 - 1 - 5 + 3*t**2 - 7*t. Calculate the remainder when m(n) is divided by 16.
13
Suppose -5*g + 2*g + 8 = 2*s, 5*g + 16 = 4*s. Suppose 5 - 37 = -s*j. Calculate the remainder when 30 is divided by j.
6
Suppose r - 3*r + 4*d + 64 = 0, -r + 3*d + 28 = 0. What is the remainder when 119 is divided by r?
39
Suppose -10*p = -8*p - 6. Suppose 0 = -p*k + k + 502. What is the remainder when k is divided by 28?
27
Suppose 37*f + 4097 = 13236. Calculate the remainder when f is divided by 25.
22
Let s(q) be the third derivative of -q**4/8 - 4*q**3/3 + 2*q**2. What is the remainder when s(-10) is divided by 15?
7
Let b = -172 - -259. Let d(c) = c**3 + 11*c**2 + 21*c + 6. What is the remainder when b is divided by d(-8)?
27
Let s(x) be the third derivative of x**4/24 - 2*x**3 + 5*x**2. Let c be s(0). Calculate the remainder when 26 is divided by (-18)/8*(c + 8).
8
Calculate the remainder when (553/21 - 8)*(-12)/(-10) is divided by 9.
4
Let a(j) = j + 148. Let s = 957 - 906. Calculate the remainder when a(0) is divided by s.
46
What is the remainder when 130 is divided by 1*(385/28 + (-3)/4)?
0
Suppose 22*k - 424 = 14*k. What is the remainder when 104 is divided by k?
51
Suppose -10 = -2*u + 3*g, u - 3*u + 2*g = -8. Suppose u*r = -5 + 3, -3*r = 3*q - 69. What is the remainder when q is divided by (-13)/(3*(-3)/9)?
11
Let o = 8 - 3. Suppose 44 = 2*i + 4*v, o*i + v - 61 = 13. What is the remainder when (-2)/(1*10/(-275)) is divided by i?
13
What is the remainder when 48 is divided by 8/304*1410 + 2/(-19)?
11
Let c(p) = -3*p - 2. Let a(x) = -x - 1. Let y(n) = -7*a(n) + 3*c(n). Calculate the remainder when y(-11) is divided by 5.
3
Let j(m) be the second derivative of -m**4/3 - 8*m**3/3 + 2*m**2 - 28*m. Calculate the remainder when 17 is divided by j(-4).
1
Let j(v) = 2*v**2 + 2*v + 6. Suppose 117*y - 122*y + 95 = 0. Suppose 0 = 26*s - y*s - 112. Calculate the remainder when j(-5) is divided by s.
14
Suppose -2*q = -2*g - g + 129, 5*g = 2*q + 135. Let v = q + 103. Suppose 3*x - 2*h - 25 = 0, -8 = -4*h + 2*h. Calculate the remainder when v is divided by x.
10
What is the remainder when (38268/45 - 4)/(2/5) is divided by 13?
10
Suppose 5*z = p + z - 35, 3*p + 3*z = 150. Let g = 236 + -211. Calculate the remainder when p is divided by g.
22
Suppose -6 = -f + p, 0 = 2*f - 0*f - 4*p - 10. Let b(a) = 10*a - 51. Calculate the remainder when 55 is divided by b(f).
17
Suppose -5*y - 15 = -50. Suppose 8 = 3*x - y. Suppose 4*c + x*d - 20 = 0, c + 3*d - 2*d = 5. Calculate the remainder when c is divided by 2.
1
Let k(t) = t**2 + 10*t - 112. Calculate the remainder when k(8) is divided by 10.
2
Calculate the remainder when 1/(759/(-95) + 8) is divided by (-2)/(-6) + 285/9.
31
Suppose -h + 6 - 1 = 0. Suppose 56 - 1 = 5*a + 5*k, -h*a - 3*k = -53. Suppose s = -0*s + 7. Calculate the remainder when a is divided by s.
3
Let v(f) = 4*f**2. Let n be v(-1). Suppose 0 = n*w + 3*o - 215 - 384, w + 3*o = 152. Calculate the remainder when w is divided by 38.
35
Let c(p) = -11*p**2 + 2*p + 3. Let w be c(-2). Let g = w + 81. Suppose 5*s = g - 1. Calculate the remainder when 19 is divided by s.
5
Let s(x) = x**3 + 29*x**2 + 25*x - 60. What is the remainder when 74 is divided by s(-28)?
2
Suppose -4*c - 5*m + 88 = 0, 56 = -3*c + 7*c - 3*m. Calculate the remainder when 773 is divided by c.
8
Calculate the remainder when (-134)/(-6) - (-18 - (-220)/12) is divided by 9.
4
Let j(q) = 7*q**2 + 94*q + 39. What is the remainder when j(-19) is divided by 87?
84
Let c be (3/4)/(3/16). Suppose c*h + 2*v = 4*v + 458, 2*v + 344 = 3*h. Calculate the remainder when h is divided by 23.
22
Suppose -z + r - 2176 = -4*z, 3*z = -3*r + 2178. Calculate the remainder when z is divided by 26.
23
Suppose 66*j + 5*l - 1054 = 65*j, -2*j + 2108 = l. Calculate the remainder when j is divided by 32.
30
Suppose -5*w = -5*b - 245, -w - 4*w + 248 = -4*b. Calculate the remainder when w is divided by 9.
7
Let l(s) = -s**3 - 3*s**2 - 3*s + 4. Suppose 8 = -3*b - 1. Let t(k) = 11*k - 6. What is the remainder when l(b) is divided by t(1)?
3
Let n = 1462 - 1476. Let h be (-2)/(-6) + (-44)/6. What is the remainder when 43 is divided by (-79)/h + 4/n?
10
Let u = 239 - 6. Suppose -u = 5*f - 318. Calculate the remainder when 118 is divided by f.
16
Suppose 3*b - 2740 = -2590. What is the remainder when 171 is divided by b?
21
Suppose 4*f - 4*q - 52 = -0*q, -2*f + 5*q + 32 = 0. Suppose -f*a + 14 = -8. What is the remainder when a is divided by 1?
0
Let w = 8 + -8. Suppose 2*z + 2*c - 4 = w, -2*z + 4*c + c + 11 = 0. Suppose -5*k + 28 = -z*k. What is the remainder when 40 is divided by k?
12
Suppose -2*j - 3*j - 3*y + 40 = 0, -4*j = 5*y - 32. Let i(t) = 3*t**3 - 4*t**2 + 2*t. Calculate the remainder when i(2) is divided by j/(-32) - 58/(-8).
5
Suppose 0 = 4*l - 31 - 205. Calculate the remainder when l is divided by 10.
9
Let j(w) = w + 11. Let d be j(-6). Let z = 2 + 1. What is the remainder when 69 is divided by z/((45/42)/d)?
13
Let g = 112 + -100. What is the remainder when 94 is divided by g?
10
Suppose -5*b + 1 - 7 = 4*k, -5*b + 3*k = -22. Suppose 2*y = -b*a + 4*a - 38, -y - 111 = -5*a. What is the remainder when a is divided by 6?
5
Suppose -3*y + 10 = -20. Suppose 4*m = y - 2. Let b(i) = i**3. Calculate the remainder when 27 is divided by b(m).
3
Let z(j) = j**2 - 2*j - 12. What is the remainder when z(9) is divided by 32?
19
Let z(t) = -t**2 + 10*t - 33. Let s be z(10). Let f = 52 + s. Suppose 4*u - 136 = -4*o, -2*o = -2*u - 0*u + 76. Calculate the remainder when u is divided by f.
17
Let t = 879 + -871. Calculate the remainder when 171 is divided by t.
3
Suppose 5*t - n - 43 = 0, -30*t + 8 = -28*t - 5*n. What is